{"id":14,"date":"2016-11-28T10:38:00","date_gmt":"2016-11-28T09:38:00","guid":{"rendered":"http:\/\/damienreynaud.fr\/?page_id=14"},"modified":"2022-02-21T15:16:16","modified_gmt":"2022-02-21T14:16:16","slug":"textes","status":"publish","type":"page","link":"https:\/\/damienreynaud.fr\/?page_id=14","title":{"rendered":"textes"},"content":{"rendered":"<p><a href=\"http:\/\/damienreynaud.fr\/?page_id=838\">aphorismes pour une esth\u00e9tique de l&rsquo;inverse<\/a><\/p>\n<p><a href=\"http:\/\/damienreynaud.fr\/?page_id=58\">biomim\u00e9tisme du signal recompos\u00e9<\/a><\/p>\n<p><a href=\"http:\/\/damienreynaud.fr\/?page_id=60\">cent aphorismes sur l&rsquo;image<\/a><\/p>\n<p><a href=\"http:\/\/damienreynaud.fr\/?page_id=459\">cicatrice<\/a><\/p>\n<p><a href=\"http:\/\/damienreynaud.fr\/?page_id=995\">d\u00e9placer l&rsquo;exposition<\/a><\/p>\n<p><a href=\"http:\/\/damienreynaud.fr\/?page_id=1168\">l&rsquo;exp\u00e9rience du point de rencontre<\/a><\/p>\n<p><a href=\"http:\/\/damienreynaud.fr\/?page_id=466\">graphique d&rsquo;une apparition<\/a><\/p>\n<p><a href=\"http:\/\/damienreynaud.fr\/?page_id=65\">immersion<\/a><\/p>\n<p><a href=\"http:\/\/damienreynaud.fr\/?page_id=67\">interstice<\/a><\/p>\n<p><a href=\"http:\/\/damienreynaud.fr\/?page_id=1403\">journal du fond de l&rsquo;abri<\/a><\/p>\n<p><a href=\"http:\/\/damienreynaud.fr\/?page_id=73\">litanie<\/a><\/p>\n<p><a href=\"http:\/\/damienreynaud.fr\/?page_id=386\">le monde \u00e0 la renverse<\/a><\/p>\n<p><a href=\"http:\/\/damienreynaud.fr\/?page_id=71\">la mue imaginale<\/a><\/p>\n<p><a href=\"http:\/\/damienreynaud.fr\/?page_id=908\">magie iconique du sujet invers\u00e9<\/a><\/p>\n<p><a href=\"http:\/\/damienreynaud.fr\/?page_id=483\">mythographie du ciel invers\u00e9<\/a><\/p>\n<p><a href=\"http:\/\/damienreynaud.fr\/?page_id=109\">optique prometteuse des \u00eeles invers\u00e9es<\/a><\/p>\n","protected":false},"excerpt":{"rendered":"<p>aphorismes pour une esth\u00e9tique de l&rsquo;inverse biomim\u00e9tisme du signal recompos\u00e9 cent aphorismes sur l&rsquo;image cicatrice d\u00e9placer l&rsquo;exposition l&rsquo;exp\u00e9rience du point de rencontre graphique d&rsquo;une apparition immersion interstice journal du fond de l&rsquo;abri litanie le monde \u00e0 la renverse la mue imaginale magie iconique du sujet invers\u00e9 mythographie du ciel invers\u00e9 optique prometteuse des \u00eeles invers\u00e9es<\/p>\n","protected":false},"author":1,"featured_media":0,"parent":0,"menu_order":0,"comment_status":"closed","ping_status":"closed","template":"","meta":{"footnotes":""},"_links":{"self":[{"href":"https:\/\/damienreynaud.fr\/index.php?rest_route=\/wp\/v2\/pages\/14"}],"collection":[{"href":"https:\/\/damienreynaud.fr\/index.php?rest_route=\/wp\/v2\/pages"}],"about":[{"href":"https:\/\/damienreynaud.fr\/index.php?rest_route=\/wp\/v2\/types\/page"}],"author":[{"embeddable":true,"href":"https:\/\/damienreynaud.fr\/index.php?rest_route=\/wp\/v2\/users\/1"}],"replies":[{"embeddable":true,"href":"https:\/\/damienreynaud.fr\/index.php?rest_route=%2Fwp%2Fv2%2Fcomments&post=14"}],"version-history":[{"count":19,"href":"https:\/\/damienreynaud.fr\/index.php?rest_route=\/wp\/v2\/pages\/14\/revisions"}],"predecessor-version":[{"id":1411,"href":"https:\/\/damienreynaud.fr\/index.php?rest_route=\/wp\/v2\/pages\/14\/revisions\/1411"}],"wp:attachment":[{"href":"https:\/\/damienreynaud.fr\/index.php?rest_route=%2Fwp%2Fv2%2Fmedia&parent=14"}],"curies":[{"name":"wp","href":"https:\/\/api.w.org\/{rel}","templated":true}]}}