{"id":17,"date":"2016-11-28T10:38:20","date_gmt":"2016-11-28T09:38:20","guid":{"rendered":"http:\/\/damienreynaud.fr\/?page_id=17"},"modified":"2022-03-17T18:53:38","modified_gmt":"2022-03-17T17:53:38","slug":"archives","status":"publish","type":"page","link":"https:\/\/damienreynaud.fr\/?page_id=17","title":{"rendered":"archives"},"content":{"rendered":"<p><a href=\"http:\/\/damienreynaud.fr\/?page_id=179\">autour d&rsquo;un verre<\/a><\/p>\n<p><a href=\"http:\/\/damienreynaud.fr\/?page_id=77\">biennale de Venise et biennale des ch\u00e2teaux de sable<\/a><\/p>\n<p><a href=\"http:\/\/damienreynaud.fr\/?page_id=75\">cent cartes postales et aphorismes<\/a><\/p>\n<p><a href=\"http:\/\/damienreynaud.fr\/?page_id=1514\">\u00e9ditions Papier Peint<\/a><\/p>\n<p><a href=\"http:\/\/damienreynaud.fr\/?page_id=160\">golden potatoes archipel<\/a><\/p>\n<p><a href=\"http:\/\/damienreynaud.fr\/?page_id=549\">le temps retrouv\u00e9<\/a><\/p>\n<p><a href=\"http:\/\/damienreynaud.fr\/?page_id=645\">les bras cass\u00e9s<\/a><\/p>\n<p><a href=\"http:\/\/damienreynaud.fr\/?page_id=912\">ligne de flottaison<\/a><\/p>\n<p><a href=\"http:\/\/damienreynaud.fr\/?page_id=867\"><em>m\u00e9moire d&rsquo;un non lieu<\/em> \/ o\u00f9 est l&rsquo;image vraie ?<\/a><\/p>\n<p><a href=\"http:\/\/damienreynaud.fr\/?page_id=358&amp;preview=true\">quintessence grise<\/a><\/p>\n<p><a href=\"http:\/\/damienreynaud.fr\/?page_id=563&amp;preview=true\"><em>survie<\/em> et <em>je passe ici \u00e0 c\u00f4t\u00e9 de mon sujet<\/em><\/a><\/p>\n<p><a href=\"http:\/\/damienreynaud.fr\/?page_id=1212\">texte \u00ab\u00a0je passe ici \u00e0 c\u00f4t\u00e9 de mon sujet\u00a0\u00bb<\/a><\/p>\n","protected":false},"excerpt":{"rendered":"<p>autour d&rsquo;un verre biennale de Venise et biennale des ch\u00e2teaux de sable cent cartes postales et aphorismes \u00e9ditions Papier Peint golden potatoes archipel le temps retrouv\u00e9 les bras cass\u00e9s ligne de flottaison m\u00e9moire d&rsquo;un non lieu \/ o\u00f9 est l&rsquo;image vraie ? quintessence grise survie et je passe ici \u00e0 c\u00f4t\u00e9 de mon sujet texte &hellip; <a href=\"https:\/\/damienreynaud.fr\/?page_id=17\" class=\"more-link\">Continuer la lecture de <span class=\"screen-reader-text\">archives<\/span><\/a><\/p>\n","protected":false},"author":1,"featured_media":0,"parent":0,"menu_order":0,"comment_status":"closed","ping_status":"closed","template":"","meta":{"footnotes":""},"_links":{"self":[{"href":"https:\/\/damienreynaud.fr\/index.php?rest_route=\/wp\/v2\/pages\/17"}],"collection":[{"href":"https:\/\/damienreynaud.fr\/index.php?rest_route=\/wp\/v2\/pages"}],"about":[{"href":"https:\/\/damienreynaud.fr\/index.php?rest_route=\/wp\/v2\/types\/page"}],"author":[{"embeddable":true,"href":"https:\/\/damienreynaud.fr\/index.php?rest_route=\/wp\/v2\/users\/1"}],"replies":[{"embeddable":true,"href":"https:\/\/damienreynaud.fr\/index.php?rest_route=%2Fwp%2Fv2%2Fcomments&post=17"}],"version-history":[{"count":21,"href":"https:\/\/damienreynaud.fr\/index.php?rest_route=\/wp\/v2\/pages\/17\/revisions"}],"predecessor-version":[{"id":1517,"href":"https:\/\/damienreynaud.fr\/index.php?rest_route=\/wp\/v2\/pages\/17\/revisions\/1517"}],"wp:attachment":[{"href":"https:\/\/damienreynaud.fr\/index.php?rest_route=%2Fwp%2Fv2%2Fmedia&parent=17"}],"curies":[{"name":"wp","href":"https:\/\/api.w.org\/{rel}","templated":true}]}}