{"id":466,"date":"2018-12-11T12:08:31","date_gmt":"2018-12-11T11:08:31","guid":{"rendered":"http:\/\/damienreynaud.fr\/?page_id=466"},"modified":"2018-12-11T23:45:29","modified_gmt":"2018-12-11T22:45:29","slug":"graphique-dune-apparition","status":"publish","type":"page","link":"https:\/\/damienreynaud.fr\/?page_id=466","title":{"rendered":"graphique d&rsquo;une apparition"},"content":{"rendered":"<pre><del>C\u2019est quelque chose                                                        <\/del>\r\n<del>Comme \u00e7a comme un dessin                                                  <\/del>\r\n<del>Se tenant l\u00e0                                                              <\/del>\r\n<del>La chose m\u00eame                                                             <\/del>\r\n<del>Comment                                                                   <\/del>\r\n<del>Une apparition                                                            <\/del>\r\n<del>Une r\u00e9v\u00e9lation aussi                                                      <\/del>\r\n<del>Cette d\u00e9flagration                                                        <\/del>\r\n<del>Comme dire une seule parole peut gu\u00e9rir                                   <\/del>\r\n<del>Comme le frisot\u00e9 liquide au loin fait trembler la ligne d\u2019horizon sur      l\u2019oc\u00e9an                                                                   <\/del>\r\n<del>Comme les inclusions de lettres dans le paysage des cartes portent le     monde physique \u00e0 ma bouche                                                <\/del>\r\n<del>Comme les sons ambiants se m\u00e9langent aux couleurs innommables dans un     mouvement total et liquide                                                <\/del>\r\n<del>Les fables construisent le monde                                          <\/del>\r\n<del>Magie des imbrications optiques superposables                             <\/del>\r\n<del>Tout d\u2019un coup d\u2019\u0153il                                                      <\/del>\r\n<del>Un effet stroboscopique du r\u00e9el dans ma bo\u00eete noire                       <\/del>\r\n<del>Instantan\u00e9ment recousu dans ma pens\u00e9e                                     <\/del>\r\n<del>Comme mon langage met des mots \u00e0 la ligne pour faire parler mes visions du r\u00e9el                                                                      <\/del>\r\n<del>Comme mes images calculent les mod\u00e9lisations lin\u00e9aires de figures         <\/del>\r\n<del>Comme les algorithmes d\u2019une machine m\u2019apprennent les choses des images    <\/del>\r\n<del>A l\u2019\u00e9cran                                                                 <\/del>\r\n<del>Et m\u2019inventent                                                            <\/del>\r\n<del>Je suis partout                                                           <\/del>\r\n<del>Calculable et imaginable                                                  <\/del>\r\n<del>Mes lignes de vie dessinent des \u00e9quations                                 <\/del>\r\n<del>Trajectoire en ellipses                                                   <\/del>\r\n<del>Danse en \u00e9clipse                                                          <\/del>\r\n<del>Images intermittentes                                                     <\/del>\r\n<del>Recoupements et superpositions                                            <\/del>\r\n<del>Des fum\u00e9es du ciel optique                                                <\/del>\r\n<del>Me d\u00e9m\u00ealer du brouillage ph\u00e9nom\u00e9nologique                                 <\/del>\r\n<del>Trouver les pistes vraies                                                 <\/del>\r\n<del>D\u00e9m\u00ealer les effets des trucages                                           <\/del>\r\n<del>L\u2019image triche \u00e0 dessein                                                  <\/del>\r\n<del>L\u2019image de choc                                                           <\/del>\r\n<del>Trouble ma vue                                                            <\/del>\r\n<del>D\u2019ombres \u00e9clairantes                                                      <\/del>\r\n<del>Sur des vues divergentes emm\u00eal\u00e9es                                         <\/del>\r\n<del>Tout le sens du monde en une ligne                                        <\/del>\r\n<del>En une vue                                                                <\/del>\r\n<del>En une mire                                                               <\/del>\r\n<del>En une cible                                                              <\/del>\r\n<del>Pr\u00e9sence de l\u2019au-del\u00e0                                                     <\/del>\r\n<del>En cet espace autre                                                       <\/del>\r\n<del>L\u00e0                                                                        <\/del>\r\n<del>Fronti\u00e8re des ombres invers\u00e9es                                            <\/del>\r\n<del>Je fais ligne                                                             <\/del>\r\n<del>Mon cerveau est le lieu o\u00f9 la lumi\u00e8re du r\u00e9el et du soleil se rencontrent     <\/del>\r\n<del>Partie prenante et parti pris                                             <\/del>\r\n<del>Ce qui \u00e9merge dans le r\u00e9el est ce qui m\u2019y immerge                         <\/del>\r\n<del>Flexueuse cl\u00e9 des figures qui bougent                                     <\/del>\r\n<del>\u00catre interface                                                            <\/del>\r\n<del>Autre chose prolonge son corps et retourne d\u2019o\u00f9 il vient pour aller se    promener dans les choses encore                                           <\/del>\r\n<del>Quelque chose couche une ligne sur un papier et s\u2019ajuste \u00e0 mon toucher    <\/del>\r\n<del>Cette chose du monde passe par mon corps dessinateur                      <\/del>\r\n<del>Cette chose traverse mon \u0153il et passe par sa pens\u00e9e                       <\/del>\r\n<del>La chose ressort par le m\u00eame trou avec une main                           <\/del>\r\n<del>Quelque chose prolonge une forme                                          <\/del>\r\n<del>Chaque chose repasse \u00e0 nouveau                                            <\/del>\r\n<del>Autre chose se m\u00e9tamorphose                                               <\/del>\r\n<del>L\u2019image est sa mue                                                        <\/del>\r\n<del>Imaginale                                                                 <\/del>\r\n<del>Liquidit\u00e9 lin\u00e9aire                                                        <\/del>\r\n<del>De l\u2019espace fragile et de sa destruction interpr\u00e9tative                   <\/del>\r\n<del>Images                                                                    <\/del>\r\n<del>D\u00e9flagrantes apparitions et disparitions imm\u00e9diates                       <\/del>\r\n<del>Chass\u00e9es et ench\u00e2ss\u00e9es                                                    <\/del>\r\n<del>L\u2019image d\u00e9sire le r\u00e9el                                                    <\/del>\r\n<del>L\u2019image \u00e9pouse le r\u00e9el                                                    <\/del>\r\n<del>Le contraire aussi vrai                                                   <\/del>\r\n<del>Des images en sandwich                                                    <\/del>\r\n<del>Des figures de mes d\u00e9sirs                                                 <\/del>\r\n<del>Pour toucher la langue des images avec les mains de mes yeux              <\/del>\r\n<del>De tous les trous possibles                                               <\/del>\r\n<del>Voir                                                                      <\/del>\r\n<del>Effacer                                                                   <\/del>\r\n<del>Recommencer                                                               <\/del>\r\n<del>Perdre                                                                    <\/del>\r\n<del>Retrouver                                                                 <\/del>\r\n<del>Danser                                                                    <\/del>\r\n<del>Toucher                                                                   \r\nScruter                                                                   \r\nSculpter                                                                  <\/del>\r\n<del>\u00catre dans le vrai                                                         <\/del>\r\n<del>L\u2019image m\u2019ouvre une faille                                                <\/del>\r\n<del>Je peux revenir en arri\u00e8re                                                <\/del>\r\n<del>En m\u00eame temps qu\u2019aller devant                                             <\/del>\r\n<del>Torsion optique du r\u00e9el                                                   <\/del>\r\n<del>Ma vue d\u00e9forme et mon corps suit                                          <\/del>\r\n<del>Chacun est dans l\u2019image plut\u00f4t que devant                                 <\/del>\r\n<del>L\u2019image est un c\u0153ur pendule pour le regardeur                             <\/del>\r\n<del>Chacun marche dans l\u2019image                                                <\/del>\r\n<del>L\u2019image me fait toujours ce m\u00eame pied-de-nez renversant                   <\/del>\r\n<del>Les temps iconiques fuient dans les mouvements r\u00e9els                      <\/del>\r\n<del>Unissent le mouvement de l\u2019\u0153il \u00e0 la peau de l\u2019image                       <\/del>\r\n<del>Vertige du pivot                                                          <\/del>\r\n<del>Tournis du pied dansant                                                   <\/del>\r\n<del>Double vue                                                                <\/del>\r\n<del>Double corps                                                              <\/del>\r\n<del>Double point de fuite                                                     <\/del>\r\n<del>C\u2019est pourquoi l\u2019image unique n\u2019est pas possible                          <\/del>\r\n<del>C\u2019est pourquoi le point de vue unique n\u2019existe pas                        <\/del>\r\n<del>C\u2019est pourquoi tout est en m\u00eame temps                                     <\/del>\r\n<del>Que toute chose vaut mieux qu\u2019autre chose                                 <\/del>\r\n<del>La vue peut \u00eatre d\u2019ici ou l\u00e0 tout autant qu\u2019ailleurs                      <\/del>\r\n<del>L\u2019image est vivante                                                       <\/del>\r\n<del>Organique                                                                 <\/del>\r\n<del>Cellulaire                                                                <\/del>\r\n<del>Double geste                                                              <\/del>\r\n<del>L\u2019image est geste dansant                                                 <\/del>\r\n<del>Dans la flamme du projecteur                                              <\/del>\r\n<del>Hypnotique lumi\u00e8re hach\u00e9e par les rythmes                                 <\/del>\r\n<del>Un geste en sursis                                                        <\/del>\r\n<del>Dessine ici                                                               <\/del>\r\n<del>D\u00e9j\u00e0 parti                                                                <\/del>\r\n<del>Un dernier geste toujours repouss\u00e9 \u00e0 une avant derni\u00e8re fois              <\/del>\r\n<del>Le r\u00e9el est augment\u00e9 d\u2019une optique gestuelle                              <\/del>\r\n<del>\u00c0-coups et pauses en perp\u00e9tuel m\u00e9canique font sens                        <\/del>\r\n<del>J\u2019existe plus avec l\u2019image                                                <\/del>\r\n<del>\u00c9ternit\u00e9 instantan\u00e9e                                                      <\/del>\r\n<del>Mon imagination                                                           <\/del>\r\n<del>Ma fantaisie                                                              <\/del>\r\n<del>Envol\u00e9e festive des cartes postales                                       <\/del>\r\n<del>\u00c9tendue                                                                   <\/del>\r\n<del>C\u2019est l\u2019effet n\u00e9nuphar des images prolif\u00e9rantes recouvrant le monde       <\/del>\r\n<del>Volatile                                                                  <\/del>\r\n<del>C\u2019est l\u2019effet nu\u00e9es d\u2019oiseaux des images mouvantes modifiant le monde     <\/del>\r\n<del>La vue s\u2019\u00e9parpille                                                        <\/del>\r\n<del>Elle peut tout imaginer                                                   <\/del>\r\n<del>Enrober                                                                   <\/del>\r\n<del>Kal\u00e9idoscoper                                                             <\/del>\r\n<del>Les failles visionnaires                                                  <\/del>\r\n<del>L\u2019image est moi                                                           <\/del>\r\n<del>L\u2019image d\u00e9borde de l\u2019image                                                <\/del>\r\n<del>Comme un lapin blanc sort d\u2019un chapeau                                    <\/del>\r\n<del>Comme le vacarme d\u2019une \u00e9ruption sonore \u00e9mane d\u2019un coquillage              <\/del>\r\n<del>Comme un oiseau sort d\u2019un trou noir                                       <\/del>\r\n<del>L\u2019image est toi                                                           <\/del>\r\n<del>Une nu\u00e9e et ses volutes                                                   <\/del>\r\n<del>Une m\u00e9moire immat\u00e9rielle d\u00e9file en procession                             <\/del>\r\n<del>Des banni\u00e8res d\u2019ic\u00f4nes miniatures en main                                 <\/del>\r\n<del>Comme les vols d\u2019\u00e9tourneaux dessinent en 3D des gousses pr\u00eates \u00e0 \u00e9clore   <\/del>\r\n<del>Champ de codage                                                           <\/del>\r\n<del>Effacer l\u2019image d\u2019avant                                                   <\/del>\r\n<del>C\u2019est la possibilit\u00e9 prometteuse de l\u2019\u00eele invers\u00e9e                        <\/del>\r\n<del>A l\u2019int\u00e9rieur de cette hu\u00eetre se cr\u00e9e tout le monde                       <\/del>\r\n<del>Des visions nacr\u00e9es                                                       <\/del>\r\n<del>Sur la peau de sa coquille                                                <\/del>\r\n<del>Instant de mue                                                            <\/del>\r\n<del>Mon image est cette coquille vide en attente de d\u00e9flagration              <\/del>\r\n<del>Par ses bords mon image est une coupure \u00e9videmment                        <\/del>\r\n<del>Une fibre optique suit la courbe ondul\u00e9e des fonds                        <\/del>\r\n<del>Dans une couleur se mat\u00e9rialise la lumi\u00e8re                                <\/del>\r\n<del>Chaque lumi\u00e8re imprime une action                                         <\/del>\r\n<del>Une ligne retient sa surface                                              <\/del>\r\n<del>Je me tiens sur cette ligne                                               <\/del>\r\n<del>Qui r\u00eave ou pas                                                           <\/del>\r\n<del>L\u2019acte th\u00e9\u00e2tralise un regard                                              <\/del>\r\n<del>La vision se transforme en geste                                          <\/del>\r\n<del>Le futur se meut \u00e0 l\u2019envers du d\u00e9cor                                      <\/del>\r\n<del>Des mains agitent une pens\u00e9e temporaire                                   <\/del>\r\n<del>Chaque mot forme une suite de grains de sable                             <\/del>\r\n<del>Des plages \u00e9gr\u00e8nent les lignes de courants mouvants                       <\/del>\r\n<del>L\u2019horizon est la fronti\u00e8re r\u00e9elle entre le monde et l\u2019image               <\/del>\r\n<del>Horizon commun de lignes individualis\u00e9es du monde                         <\/del>\r\n<del>Chacun lapin blanc sortant d\u2019un chapeau-clic-clac                         <\/del>\r\n<del>Image si proche                                                           <\/del>\r\n<del>Et corps \u00e9tranger fr\u00e9n\u00e9tique                                              <\/del>\r\n<del>Une apparition sismique                                                   <\/del>\r\n<del>Dessin\u00e9e comme si c\u2019\u00e9tait d\u00e9j\u00e0 demain                                     <\/del>\r\n<del>Dansant comme une image qui se frotte \u00e0 mes cils                          <\/del>\r\n<del>Dans la lumi\u00e8re d\u2019un feu optique                                          <\/del>\r\n<del>Le vertige du phare au milieu des r\u00e9cifs                                  <\/del>\r\n<del>L\u2019empreinte de l\u2019image sur ma peau                                        <\/del>\r\n<del>Transforme ma figure dans l\u2019espace                                        <\/del>\r\n<del>Comme les cheveux en bataille d\u2019une frange impalpable                     <\/del>\r\n<del>Rien de cette chose ne m\u2019a quitt\u00e9 depuis son apparition                   <\/del>\r\n<del>Dans son regard \u00e9ternel\r\n\r\n\r\n<hr \/>\r\n\r\n<\/del>Note de travail 2016<\/pre>\n","protected":false},"excerpt":{"rendered":"<p>C\u2019est quelque chose Comme \u00e7a comme un dessin Se tenant l\u00e0 La chose m\u00eame Comment Une apparition Une r\u00e9v\u00e9lation aussi Cette d\u00e9flagration Comme dire une seule parole peut gu\u00e9rir Comme le frisot\u00e9 liquide au loin fait trembler la ligne d\u2019horizon sur l\u2019oc\u00e9an Comme les inclusions de lettres dans le paysage des cartes portent le monde &hellip; <a href=\"https:\/\/damienreynaud.fr\/?page_id=466\" class=\"more-link\">Continuer la lecture de <span class=\"screen-reader-text\">graphique d&rsquo;une apparition<\/span><\/a><\/p>\n","protected":false},"author":1,"featured_media":0,"parent":14,"menu_order":0,"comment_status":"closed","ping_status":"closed","template":"","meta":{"footnotes":""},"_links":{"self":[{"href":"https:\/\/damienreynaud.fr\/index.php?rest_route=\/wp\/v2\/pages\/466"}],"collection":[{"href":"https:\/\/damienreynaud.fr\/index.php?rest_route=\/wp\/v2\/pages"}],"about":[{"href":"https:\/\/damienreynaud.fr\/index.php?rest_route=\/wp\/v2\/types\/page"}],"author":[{"embeddable":true,"href":"https:\/\/damienreynaud.fr\/index.php?rest_route=\/wp\/v2\/users\/1"}],"replies":[{"embeddable":true,"href":"https:\/\/damienreynaud.fr\/index.php?rest_route=%2Fwp%2Fv2%2Fcomments&post=466"}],"version-history":[{"count":5,"href":"https:\/\/damienreynaud.fr\/index.php?rest_route=\/wp\/v2\/pages\/466\/revisions"}],"predecessor-version":[{"id":475,"href":"https:\/\/damienreynaud.fr\/index.php?rest_route=\/wp\/v2\/pages\/466\/revisions\/475"}],"up":[{"embeddable":true,"href":"https:\/\/damienreynaud.fr\/index.php?rest_route=\/wp\/v2\/pages\/14"}],"wp:attachment":[{"href":"https:\/\/damienreynaud.fr\/index.php?rest_route=%2Fwp%2Fv2%2Fmedia&parent=466"}],"curies":[{"name":"wp","href":"https:\/\/api.w.org\/{rel}","templated":true}]}}