{"id":73,"date":"2016-11-28T16:18:31","date_gmt":"2016-11-28T15:18:31","guid":{"rendered":"http:\/\/damienreynaud.fr\/?page_id=73"},"modified":"2020-05-31T15:39:56","modified_gmt":"2020-05-31T13:39:56","slug":"litanie","status":"publish","type":"page","link":"https:\/\/damienreynaud.fr\/?page_id=73","title":{"rendered":"litanie"},"content":{"rendered":"<p>Dans le d\u00e9sarroi du monde, quand notre univers s\u2019effondre, que voir\u00a0? Que regarder\u00a0? O\u00f9 porter sa pens\u00e9e\u00a0? Comment voir\u00a0? A bout, que faire d\u2019autre que des photographies de rien dans l\u2019espoir de retrouver du sens par la vue\u00a0? O\u00f9 porter ce regard\u00a0? Rien \u00e0 regarder que les murs, le sol, le ciel et l\u2019eau. Comme <em>la petite fille aux allumettes<\/em> d\u00e9munie dans un r\u00e9el gel\u00e9, on craque ses derni\u00e8res allumettes et on projette ses r\u00eaves ou ses manques pour faire appara\u00eetre des images prometteuses. Les images qu\u2019elle voit sont intangibles, suspendues dans les airs comme des hologrammes\u00a0: elles l\u2019enveloppent de cette chaleur illusoire. Par cette pr\u00e9sence r\u00e9confortante l\u2019image offre une issue possible.<\/p>\n<p>Dans l\u2019installation <em>\u00ab\u00a0in the sky on the water on the floor in the wall\u00a0\u00bb<\/em>, des allumettes g\u00e9antes constituent des totems supportant les litanies de petites images de surfaces identifiables (zoom sur un <em>pr\u00e9cis\u00e9ment l\u00e0<\/em>) et intemporelles (flottement ambigu d\u2019un ancrage). Dans l\u2019installation, d\u2019autres pr\u00e9sentations consistent encore en des panneaux uniques ou polyptyques, de format panoramique, supportant les m\u00eames litanies, dont l\u2019accumulation retrace la promenade hasardeuse d\u2019un \u0153il. Le manque de rep\u00e8res durant chaque d\u00e9ambulation cherche \u00e0 fixer une pens\u00e9e sur les surfaces optiques d\u2019espaces d\u2019infinitudes. Le liquide. L\u2019atmosph\u00e8re. Le socle. L\u2019obstacle.<\/p>\n<p>La r\u00e9p\u00e9tition de l\u2019acte optique engage des images de survie en retra\u00e7ant des chemins signifiants \u00e0 partir d\u2019un \u00e9garement, en superposant une pri\u00e8re du monde sur le r\u00e9el. Ces images sont autant de photographies, au cadrage tr\u00e8s serr\u00e9, de plans d\u2019eau, d\u2019\u00e9tendues de ciel, de surfaces de sol et de pans de mur. La r\u00e9p\u00e9tition d\u2019un cadre focalis\u00e9 sur des parts spatiales incontournables et peu narratives fabrique des d\u00e9collements du r\u00e9el et des d\u00e9passements d\u2019une condition. Isolant un rectangle de mati\u00e8re et de lumi\u00e8re, chaque image est d\u2019un plat absolu. Pourtant une perspective est offerte par l\u2019ensemble, \u00e0 la lueur du nombre de d\u00e9clics. Ces vues en s\u00e9rie dessinent les paysages perdus d\u2019un regard fant\u00f4me.<\/p>\n<p>Notes de travail, 2005\/2011, pour <a href=\"http:\/\/damienreynaud.fr\/?page_id=254\"><em>\u00ab in the sky on the water on the floor in the wall (litanie) \u00bb<\/em><\/a><\/p>\n","protected":false},"excerpt":{"rendered":"<p>Dans le d\u00e9sarroi du monde, quand notre univers s\u2019effondre, que voir\u00a0? Que regarder\u00a0? O\u00f9 porter sa pens\u00e9e\u00a0? Comment voir\u00a0? A bout, que faire d\u2019autre que des photographies de rien dans l\u2019espoir de retrouver du sens par la vue\u00a0? O\u00f9 porter ce regard\u00a0? Rien \u00e0 regarder que les murs, le sol, le ciel et l\u2019eau. Comme &hellip; <a href=\"https:\/\/damienreynaud.fr\/?page_id=73\" class=\"more-link\">Continuer la lecture de <span class=\"screen-reader-text\">litanie<\/span><\/a><\/p>\n","protected":false},"author":1,"featured_media":0,"parent":14,"menu_order":0,"comment_status":"closed","ping_status":"closed","template":"","meta":{"footnotes":""},"_links":{"self":[{"href":"https:\/\/damienreynaud.fr\/index.php?rest_route=\/wp\/v2\/pages\/73"}],"collection":[{"href":"https:\/\/damienreynaud.fr\/index.php?rest_route=\/wp\/v2\/pages"}],"about":[{"href":"https:\/\/damienreynaud.fr\/index.php?rest_route=\/wp\/v2\/types\/page"}],"author":[{"embeddable":true,"href":"https:\/\/damienreynaud.fr\/index.php?rest_route=\/wp\/v2\/users\/1"}],"replies":[{"embeddable":true,"href":"https:\/\/damienreynaud.fr\/index.php?rest_route=%2Fwp%2Fv2%2Fcomments&post=73"}],"version-history":[{"count":3,"href":"https:\/\/damienreynaud.fr\/index.php?rest_route=\/wp\/v2\/pages\/73\/revisions"}],"predecessor-version":[{"id":999,"href":"https:\/\/damienreynaud.fr\/index.php?rest_route=\/wp\/v2\/pages\/73\/revisions\/999"}],"up":[{"embeddable":true,"href":"https:\/\/damienreynaud.fr\/index.php?rest_route=\/wp\/v2\/pages\/14"}],"wp:attachment":[{"href":"https:\/\/damienreynaud.fr\/index.php?rest_route=%2Fwp%2Fv2%2Fmedia&parent=73"}],"curies":[{"name":"wp","href":"https:\/\/api.w.org\/{rel}","templated":true}]}}